{"id":187,"date":"2025-02-01T20:55:59","date_gmt":"2025-02-01T19:55:59","guid":{"rendered":"http:\/\/mxp-design.de\/?page_id=187"},"modified":"2025-02-18T14:44:22","modified_gmt":"2025-02-18T13:44:22","slug":"impressum","status":"publish","type":"page","link":"https:\/\/mxp-design.de\/?page_id=187","title":{"rendered":"Impressum"},"content":{"rendered":"\n<figure class=\"wp-block-table\"><table class=\"has-fixed-layout\"><tbody><tr><td>Anbieter<br>Oliver Egeler<br><a class=\"\"><\/a>Egeler Design &amp; Werbung Holl\u00e4nderstra\u00dfe 15 78465 Konstanz<br><a class=\"\"><\/a>Vertreten durch:<br>Oliver Egeler<br><br>Kontakt<br>E-Mail: info@egeler-design.de<br>Telefon: +49 (0) 7531 \u2013 43200<br><br>Umsatzsteuer-ID<br>DE 197985313<\/td><\/tr><tr><td colspan=\"2\">Haftungsausschluss<br>Wir sind f\u00fcr die Inhalte unserer Internetseiten nach den Ma\u00dfgaben der allgemeinen Gesetzen verantwortlich. Alle Inhalte werden mit der gebotenen Sorgfalt und nach bestem Wissen erstellt. Soweit wir auf unseren Internetseiten mittels Hyperlink auf Internetseiten Dritter verweisen, k\u00f6nnen wir keine Gew\u00e4hr f\u00fcr die fortw\u00e4hrende Aktualit\u00e4t, Richtigkeit und Vollst\u00e4ndigkeit der verlinkten Inhalte \u00fcbernehmen, da diese Inhalte au\u00dferhalb unseres Verantwortungsbereichs liegen und wir auf die zuk\u00fcnftige Gestaltung keinen Einfluss haben. Sollten aus Ihrer Sicht Inhalte gegen geltendes Recht versto\u00dfen oder unangemessen sein, teilen Sie uns dies bitte mit.<br>Die rechtlichen Hinweise auf dieser Seite sowie alle Fragen und Streitigkeiten im Zusammenhang mit der Gestaltung dieser Internetseite unterliegen dem Recht der Bundesrepublik Deutschland.<br><br><a class=\"\"><\/a> Urheberrechtshinweis<br>Die auf unserer Internetseite vorhandenen Texte, Bilder, Fotos, Videos oder Grafiken unterliegen in der Regel dem Schutz des Urheberrechts. Jede unberechtigte Verwendung (insbesondere die Vervielf\u00e4ltigung, Bearbeitung oder Verbreitung) dieser urheberrechtsgesch\u00fctzten Inhalte ist daher untersagt. Wenn Sie beabsichtigen, diese Inhalte oder Teile davon zu verwenden, kontaktieren Sie uns bitte im Voraus unter den oben stehenden Angaben. Soweit wir nicht selbst Inhaber der ben\u00f6tigten urheberrechtlichen Nutzungsrechte sein sollten, bem\u00fchen wir uns, einen Kontakt zum Berechtigten zu vermitteln.<\/td><\/tr><\/tbody><\/table><\/figure>\n\n\n\n<p id=\"23ec5675-c1c3-460e-a291-db20bca3e2cc\"><\/p>\n\n\n\n<p id=\"23ec5675-c1c3-460e-a291-db20bca3e2cc\"><a class=\"\"><\/a><\/p>\n\n\n\n<p id=\"d96bf5e5-4829-4b91-98b6-2a2922cb4dc5\">Kontakt<\/p>\n\n\n\n<p id=\"62dc924d-ea80-475a-8caf-3e9639c6be5e\"><\/p>\n","protected":false},"excerpt":{"rendered":"<p>AnbieterOliver EgelerEgeler Design &amp; Werbung Holl\u00e4nderstra\u00dfe 15 78465 KonstanzVertreten durch:Oliver Egeler KontaktE-Mail: info@egeler-design.deTelefon: +49 (0) 7531 \u2013 43200 Umsatzsteuer-IDDE 197985313 HaftungsausschlussWir sind f\u00fcr die Inhalte unserer Internetseiten nach den Ma\u00dfgaben &hellip; <a href=\"https:\/\/mxp-design.de\/?page_id=187\" class=\"more-link\"><span>Continue reading<span class=\"screen-reader-text\">Impressum<\/span><\/span><\/a><\/p>\n","protected":false},"author":1,"featured_media":0,"parent":0,"menu_order":0,"comment_status":"closed","ping_status":"closed","template":"templates\/no-sidebar.php","meta":{"om_disable_all_campaigns":false,"_monsterinsights_skip_tracking":false,"_monsterinsights_sitenote_active":false,"_monsterinsights_sitenote_note":"","_monsterinsights_sitenote_category":0,"_kadence_starter_templates_imported_post":false,"footnotes":""},"class_list":["post-187","page","type-page","status-publish","hentry"],"aioseo_notices":[],"_links":{"self":[{"href":"https:\/\/mxp-design.de\/index.php?rest_route=\/wp\/v2\/pages\/187","targetHints":{"allow":["GET"]}}],"collection":[{"href":"https:\/\/mxp-design.de\/index.php?rest_route=\/wp\/v2\/pages"}],"about":[{"href":"https:\/\/mxp-design.de\/index.php?rest_route=\/wp\/v2\/types\/page"}],"author":[{"embeddable":true,"href":"https:\/\/mxp-design.de\/index.php?rest_route=\/wp\/v2\/users\/1"}],"replies":[{"embeddable":true,"href":"https:\/\/mxp-design.de\/index.php?rest_route=%2Fwp%2Fv2%2Fcomments&post=187"}],"version-history":[{"count":3,"href":"https:\/\/mxp-design.de\/index.php?rest_route=\/wp\/v2\/pages\/187\/revisions"}],"predecessor-version":[{"id":282,"href":"https:\/\/mxp-design.de\/index.php?rest_route=\/wp\/v2\/pages\/187\/revisions\/282"}],"wp:attachment":[{"href":"https:\/\/mxp-design.de\/index.php?rest_route=%2Fwp%2Fv2%2Fmedia&parent=187"}],"curies":[{"name":"wp","href":"https:\/\/api.w.org\/{rel}","templated":true}]}}